on factor of f and 24.
6
Let r(b) = 2*b - 6. Let u(x) = -3*x + 9. Let a(d) = 7*r(d) + 5*u(d). Let n be a(-1). Suppose 6*o = n*o + 16. What is the greatest common factor of o and 4?
4
Let y(r) = 29*r**3 - r + 1. Let j be y(1). Let g = 68 + -51. Let n be 232/((-7)/(-6) - g/102). Calculate the highest common divisor of n and j.
29
Suppose 2338*q - 2345*q = -3619. Calculate the greatest common factor of q and 11.
11
Suppose -24 - 102 = 6*x - 15*x. Suppose v - 280 = -4*v. Calculate the highest common factor of v and x.
14
Suppose 1 + 9 = 5*s. Let q be (-45)/(-12) + s/8. Suppose u + 11 = 2*x, -q*x + 23 = -0*u - u. Calculate the greatest common divisor of x and 54.
6
Suppose 79 + 1 = 3*o + 4*d, 0 = 2*o + 3*d - 52. Let x = o + 16. Let i be 12 - (2 - 3)*4. Calculate the highest common divisor of x and i.
16
Let q(y) = y**3 - 8*y**2 + 13*y + 10. Let p be q(6). Let x be (-48)/14*(-56)/p. Calculate the greatest common factor of x and 6.
6
Let k = 4 + 28. Suppose -k = 5*y + 3. Let i = y + 32. Calculate the greatest common factor of i and 100.
25
Let x be (-1 + 11)*-91*1/(-7). Calculate the highest common divisor of 10 and x.
10
Let n(c) be the second derivative of 2*c**3/3 - 5*c**2 - 2*c. Let v be n(4). Suppose -v = -6*y + 6. What is the highest common divisor of y and 14?
2
Let x(a) = -8*a**3 + 2*a**2 - 5*a - 2. Let q be x(-3). What is the greatest common divisor of q and 57?
19
Suppose 4*z + 1 = -f + 29, 2*z = -f + 28. Calculate the greatest common divisor of 42 and f.
14
Let g be 1/(-3) - ((-520)/30 - -9). Calculate the greatest common factor of 72 and g.
8
Suppose 0 = g - 6*g + 220. Let j = g + -27. Calculate the greatest common factor of j and 187.
17
Let z = -334 + 386. Let i(m) = -m + 9. Let n be i(5). Calculate the greatest common factor of n and z.
4
Let d = -93 - -117. What is the greatest common factor of 48 and d?
24
Suppose 0 = -2*t + 4. Suppose -5*j = 5*o - 240, -t*o + o = -j - 52. Let u(x) = -3*x + 2. Let h be u(-6). Calculate the greatest common divisor of h and o.
10
Let d be -4 + 2 + 2 + -2 - -13. Calculate the greatest common factor of 3124 and d.
11
Suppose 392 = -22*o + 30*o. Calculate the highest common divisor of 14 and o.
7
Let d be (-44)/(-24) + (-2)/(-12). Suppose 0 = d*h - 15 + 5. Suppose h*l - 3*l - 10 = 0. Calculate the highest common divisor of 55 and l.
5
Let i be (-33)/(2 + 8/((-48)/21)). Let h = -20 - -53. What is the greatest common divisor of h and i?
11
Let k = 16 - 8. Let w be k/12 - (-4)/(-6). Suppose -r = 4*c - 105, -4*r + w - 12 = 0. What is the greatest common divisor of c and 3?
3
Suppose a = -3 + 48. Let x = 6134 - 6104. What is the greatest common divisor of a and x?
15
Let x be (-3)/9 + (-483)/9. Let c = -29 - x. What is the highest common divisor of 10 and c?
5
Let z be (-8)/(-36) + (-655)/(-9) + -1. What is the greatest common divisor of z and 72?
72
Let c(j) = -1. Let i(f) = 6*f + 6. Let h(a) = 5*c(a) + i(a). Let u be h(1). Suppose u = 5*r - 3. What is the highest common divisor of r and 22?
2
Let y be 95/(-76) - 97/(-4)*1. What is the highest common divisor of y and 253?
23
Let a be 160/(-24)*(-6 + 3). What is the greatest common divisor of 45 and a?
5
Suppose 3*y - 360 - 496 = 4*o, 3*y = 3*o + 861. Suppose 4*b - 68 = y. Suppose -b = 3*m - 6*m. What is the greatest common divisor of m and 75?
15
Suppose -4947 = -36*q - 1419. Let d be (13 + 1 + 0)/1. What is the highest common divisor of q and d?
14
Let s(w) = w**3 + w - 3. Let a be s(2). Suppose -2*x = -a*x - 5, -5*g - x = -9. What is the greatest common factor of 1 and g?
1
Let v(q) = 33*q**2 + q - 2. Let t be v(1). Suppose 0 = -w + 4*j + t, -3*w + 21 = 2*j + j. Calculate the highest common divisor of w and 48.
12
Suppose -5*j + 4*k + 97 = 0, -38*j + 36*j = 2*k - 28. What is the greatest common divisor of j and 901?
17
Suppose 450 - 246 = r. Calculate the highest common divisor of 36 and r.
12
Let w(k) = 2*k**2 - 26*k + 32. Let n be w(13). Calculate the greatest common divisor of n and 184.
8
Let o(c) = -c**2 - 26*c + 93. Let i be o(-29). Calculate the greatest common divisor of i and 225.
3
Suppose 4 = -k - 8. Let z = k - -43. What is the highest common divisor of 341 and z?
31
Suppose -2*g + 4*g = -2*f + 2, 0 = -5*f - g - 15. Let u be (-2 + -1)*-1*f/(-6). Calculate the highest common factor of u and 18.
2
Suppose -2*y + 6*y = 12. Let v be (1 - (2 + 0)) + y. Suppose v*l = -0*l + 3*j + 96, 0 = -l - 5*j + 22. What is the greatest common divisor of 14 and l?
14
Let w = 12 - -16. Let f = -652 - -673. Calculate the greatest common divisor of f and w.
7
Suppose -3*j - 123 = -6*j. Suppose 122 - j = 3*d. Let u = 22 - 13. What is the greatest common factor of d and u?
9
Suppose -6*p = -p. Suppose p*q = -5*q. Let s = q + 1. What is the highest common divisor of s and 11?
1
Suppose -5*j + 1514 + 81 = 0. Suppose -4*u - 387 = -3*w, -4*w + 5*u - j + 836 = 0. Calculate the greatest common divisor of 19 and w.
19
Let g be 112/18 + 2/(-9). Let f be (-2 - (-1)/2*-14)*-16. Let b be (2/(-4))/((-12)/f). What is the highest common divisor of g and b?
6
Let i(j) = -3 + 5 + 8*j + 24*j. Let l be i(1). Let x = l - 10. Calculate the greatest common divisor of x and 12.
12
Suppose -3*z + 5*z = -6. Let a be ((-3 - 1) + -7)*z. Suppose a + 21 = 3*y. Calculate the highest common factor of y and 18.
18
Suppose 352 - 432 = -2*q. Let x = 48 + -18. Suppose -x = -2*d - d. What is the highest common divisor of d and q?
10
Let p be 1/(((-35)/(-17724))/5). What is the highest common factor of 12 and p?
12
Let s be (8/(-3))/((-2)/(-3)). Let r be s/(-18) - 4276/(-36). Calculate the highest common divisor of 17 and r.
17
Let v = 8 - 4. Suppose 4*b - b + 4*d = 293, -3*b + v*d + 277 = 0. Suppose -25 = -5*c + b. What is the highest common divisor of 120 and c?
24
Let p be 8*4/8 - -128. Suppose -5*z + p = -4*b, 0 = 4*z - 3*b - 46 - 59. What is the highest common divisor of 264 and z?
24
Let y(q) = -q**3 + 3*q**2 + 2*q - 4. Let l be y(3). Let w be (12/2)/(1 - 3). Let a be w/6*-28 + l. What is the highest common factor of 176 and a?
16
Suppose 0 = u - 2*c - 1 - 5, -29 = -3*u - 5*c. Suppose 0 = 9*y - 5*y - u. Calculate the greatest common divisor of 10 and y.
2
Let j = 219 - 210. Let g(z) = -2*z**3 + 2*z**2 - 3*z - 3. Let n be g(-2). What is the highest common factor of n and j?
9
Let a = 259 - 114. Let t = 5 - -24. What is the highest common divisor of t and a?
29
Let q be 582/54 - 11 - (-18418)/18. What is the highest common divisor of 33 and q?
33
Let l be (801/12)/(0 - (-5)/60). What is the highest common factor of l and 89?
89
Suppose 285*s - 291*s + 48 = 0. What is the greatest common factor of 500 and s?
4
Let b(j) = -j**2 - 9*j + 2. Let h(q) = -q - 17. Let n be h(-9). Let k be b(n). Calculate the greatest common factor of 15 and k.
5
Let p = 19 + -4. Suppose 0 = -4*c + 34 + 14. Let u be (-2*81/c)/((-1)/10). What is the greatest common factor of u and p?
15
Let s be -2 - (-11 - 2)/1. Calculate the highest common divisor of 517 and s.
11
Suppose m = -2*h + 51, 3*h = -2*h + 2*m + 150. Suppose 5*f - h = 27. Calculate the highest common divisor of 33 and f.
11
Suppose 4 = 2*k + 4. Suppose k = -u + 6 + 14. What is the highest common divisor of u and 160?
20
Suppose 0*i + 6 = 2*i. Suppose -114 = -3*r + 2*p, i*p = 2*r + 2*p - 77. Calculate the greatest common factor of 8 and r.
8
Let k(o) = o**2 + 125. Let m be k(0). Let g(u) = -u**3 - 7*u**2 - 15*u - 55. Let y be g(-7). Calculate the highest common divisor of y and m.
25
Suppose -2*q - 32 = -4*g, 3*g = -2*q + 50 - 12. What is the highest common factor of 25 and g?
5
Let w(h) = 2*h**3 + 2*h**2 + 11*h + 10. Let c be w(8). What is the highest common divisor of c and 50?
50
Suppose -11 = -5*a + 14, 707 = m + 3*a. Suppose 0 = -5*u + m + 608. Suppose 11*s + u = 15*s. Calculate the highest common divisor of s and 13.
13
Suppose -17*c = -124 - 80. What is the greatest common factor of c and 30?
6
Let x(y) = y**3 - 27*y**2 - 24*y - 18. Let d be x(28). Let k = d - 80. Calculate the highest common divisor of 42 and k.
14
Let q(x) = 9*x + 466. Let a be q(-51). Calculate the greatest common divisor of 630 and a.
7
Let o be 39/2*1*6. Let g be 13*(-7)/(-364) - (-206)/8. Calculate the greatest common divisor of o and g.
13
Let h = 32 - 11. Let n be (h/(-12))/((-4)/